{"id":120,"date":"2012-10-25T11:39:14","date_gmt":"2012-10-25T09:39:14","guid":{"rendered":"http:\/\/www.zti.il.pw.edu.pl\/?page_id=120"},"modified":"2012-10-25T11:39:14","modified_gmt":"2012-10-25T09:39:14","slug":"przedmioty-wybieralne","status":"publish","type":"page","link":"https:\/\/www.zti.il.pw.edu.pl\/?page_id=120","title":{"rendered":"Przedmioty wybieralne"},"content":{"rendered":"<p>Zamierzeniem Zespo\u0142u Technologii Informatycznych jest przekazanie Studentom w ramach tak zwanych przedmiot\u00f3w wybieralnych wiedzy i umiej\u0119tno\u015bci na temat najnowszych zastosowa\u0144 informatyki, technologii informatycznych i metod obliczeniowych w budownictwie. Aktualnie emerytowany pracownik ZZI Pani Doktor Danuta Ol\u0119dzka jest wsp\u00f3\u0142prowadz\u0105c\u0105 przedmiot wybieralny <strong>Arkusz kalkulacyjny w praktyce in\u017cynierskiej<\/strong>.<\/p>\n<div class=\"gsp_post_data\" \r\n\t            data-post_type=\"page\" \r\n\t            data-cat=\"\" \r\n\t            data-modified=\"120\"\r\n\t            data-created=\"1351165154\"\r\n\t            data-title=\"Przedmioty wybieralne\" \r\n\t            data-home=\"https:\/\/www.zti.il.pw.edu.pl\"><\/div>","protected":false},"excerpt":{"rendered":"<p>Zamierzeniem Zespo\u0142u Technologii Informatycznych jest przekazanie Studentom w ramach tak zwanych przedmiot\u00f3w wybieralnych wiedzy i umiej\u0119tno\u015bci na temat najnowszych zastosowa\u0144 informatyki, technologii informatycznych i metod obliczeniowych w budownictwie. Aktualnie emerytowany pracownik ZZI Pani Doktor Danuta Ol\u0119dzka jest wsp\u00f3\u0142prowadz\u0105c\u0105 przedmiot wybieralny Arkusz kalkulacyjny w praktyce in\u017cynierskiej.<\/p>\n","protected":false},"author":1,"featured_media":0,"parent":0,"menu_order":0,"comment_status":"open","ping_status":"open","template":"","meta":{"footnotes":""},"class_list":["post-120","page","type-page","status-publish","hentry"],"_links":{"self":[{"href":"https:\/\/www.zti.il.pw.edu.pl\/index.php?rest_route=\/wp\/v2\/pages\/120","targetHints":{"allow":["GET"]}}],"collection":[{"href":"https:\/\/www.zti.il.pw.edu.pl\/index.php?rest_route=\/wp\/v2\/pages"}],"about":[{"href":"https:\/\/www.zti.il.pw.edu.pl\/index.php?rest_route=\/wp\/v2\/types\/page"}],"author":[{"embeddable":true,"href":"https:\/\/www.zti.il.pw.edu.pl\/index.php?rest_route=\/wp\/v2\/users\/1"}],"replies":[{"embeddable":true,"href":"https:\/\/www.zti.il.pw.edu.pl\/index.php?rest_route=%2Fwp%2Fv2%2Fcomments&post=120"}],"version-history":[{"count":1,"href":"https:\/\/www.zti.il.pw.edu.pl\/index.php?rest_route=\/wp\/v2\/pages\/120\/revisions"}],"predecessor-version":[{"id":121,"href":"https:\/\/www.zti.il.pw.edu.pl\/index.php?rest_route=\/wp\/v2\/pages\/120\/revisions\/121"}],"wp:attachment":[{"href":"https:\/\/www.zti.il.pw.edu.pl\/index.php?rest_route=%2Fwp%2Fv2%2Fmedia&parent=120"}],"curies":[{"name":"wp","href":"https:\/\/api.w.org\/{rel}","templated":true}]}}