{"id":231,"date":"2013-04-10T09:14:07","date_gmt":"2013-04-10T07:14:07","guid":{"rendered":"http:\/\/www.zti.il.pw.edu.pl\/?page_id=231"},"modified":"2013-06-25T09:44:14","modified_gmt":"2013-06-25T07:44:14","slug":"doro","status":"publish","type":"page","link":"https:\/\/www.zti.il.pw.edu.pl\/?page_id=231","title":{"rendered":"DoRo"},"content":{"rendered":"<p>Ta pozycja w menu w pe\u0142nym brzmieniu ma tytu\u0142 <strong>Dorobkiewiczom<\/strong>\u00a0 (albo alternatywnie <strong>Do<\/strong> <strong>Ro<\/strong>boty) i jest zestawem subiektywnych refleksji i nazwijmy to kole\u017ce\u0144skich porad b\u0119d\u0105cych efektem pracy nad wype\u0142nianiem <a title=\"rozporzadzenie\" href=\"http:\/\/dokumenty.rcl.gov.pl\/D2012000087701.pdf\" target=\"_blank\">Ankiety Jednostki 2009-2012<\/a>. My\u015bl pierwsza &#8211; niestety nie wszystko co jest dla mnie dobre (co jest moim dorobkiem) jest dorobkiem wydzia\u0142u w \u015bwietle rozporz\u0105dzenia. Warto wi\u0119c dobrze sobie zapami\u0119ta\u0107, co w latach 2009-12 podlega\u0142o ocenie (mi\u0119dzy innymi <a title=\"wykazy\" href=\"http:\/\/www.nauka.gov.pl\/finansowanie\/finansowanie-nauki\/dzialalnosc-statutowa\/ocena-jednostek-naukowych\/lista-czasopism-punktowanych\/ujednolicony-wykaz-czasopism-naukowych\/ujednolicony-wykaz-czasopism-naukowych\/artykul\/komunikat-ministra-nauki-i-szkolnictwa-wyzszego-w-sprawie-wykazu-czasopism-naukowych\/\" target=\"_blank\">wykaz A i B&#8230;<\/a>).<\/p>\n<blockquote><p>\u00a7 8. 1. Ocena osi\u0105gni\u0119\u0107 naukowych i tw\u00f3rczych jednostki naukowej, o kt\u00f3rych mowa w \u00a7 6 pkt 1 [\u00a7 6. Do kompleksowej oceny, z zastrze\u017ceniem \u00a7 13, stosuje si\u0119 nast\u0119puj\u0105ce kryteria: 1) osi\u0105gni\u0119cia naukowe i tw\u00f3rcze;], obejmuje nast\u0119puj\u0105ce parametry:<br \/>\n1) publikacje w czasopismach naukowych wymienionych w cz\u0119\u015bci A wykazu ministra, o kt\u00f3rej mowa w \u00a7 14 ust. 3 pkt 1 [1. cz\u0119\u015bci A \u2013 zawieraj\u0105cej liczb\u0119 punkt\u00f3w za publikacje w czasopismach naukowych posiadaj\u0105cych wsp\u00f3\u0142czynnik wp\u0142ywu Impact Factor (IF), znajduj\u0105cych si\u0119 w bazie Journal Citation Reports (JCR);];<br \/>\n2) publikacje w czasopismach naukowych wymienionych w cz\u0119\u015bci B wykazu ministra, o kt\u00f3rej mowa w \u00a7 14 ust. 3 pkt 2 [2. cz\u0119\u015bci B \u2013 zawieraj\u0105cej liczb\u0119 punkt\u00f3w za publikacje w czasopismach naukowych nieposiadaj\u0105cych wsp\u00f3\u0142czynnika wp\u0142ywu Impact Factor (IF);];<br \/>\n5) publikacje w recenzowanych materia\u0142ach z konferencji mi\u0119dzynarodowych uwzgl\u0119dnionych w Web of Science;<br \/>\n6) monografie naukowe;<br \/>\n7) patenty, prawa ochronne na wzory u\u017cytkowe i znaki towarowe, prawa z rejestracji wzor\u00f3w przemys\u0142owych lub topografii uk\u0142adu scalonego oraz zg\u0142oszenia wynalazk\u00f3w;<br \/>\n9) wykorzystane autorskie prawa maj\u0105tkowe do utworu z zakresu architektury i urbanistyki lub sztuk projektowych;<\/p><\/blockquote>\n<p>Co b\u0119dzie? Mo\u017cna jedynie domy\u015bla\u0107 si\u0119, ekstrapolowa\u0107&#8230; Drugi istotny element wa\u017cny dla wydzia\u0142u (jednostki) to&#8230; nie pogarszanie jego sytuacji przez wej\u015bcie do mitycznego No.<\/p>\n<blockquote><p>\u00a7 15. 1. Wa\u017cona liczba publikacji, o kt\u00f3rych mowa w \u00a7 8 ust. 1 pkt 1\u20135, oraz liczba pozosta\u0142ych osi\u0105gni\u0119\u0107 naukowych i tw\u00f3rczych, o kt\u00f3rych mowa w \u00a7 8 ust. 1 pkt 6\u201310, uwzgl\u0119dnianych przy kompleksowej ocenie \u0142\u0105cznie, nie mog\u0105 by\u0107 wi\u0119k\u00adsze ni\u017c 3N, gdzie N jest \u015bredni\u0105 arytmetyczn\u0105, z okresu obj\u0119tego ankiet\u0105, liczby pracownik\u00f3w zatrudnionych w jednostce naukowej w poszczeg\u00f3lnych latach przy realizacji bada\u0144 naukowych lub prac rozwojowych w ramach stosunku pracy, w przeliczeniu na pe\u0142ny wymiar czasu pracy, w odniesieniu do ca\u0142orocznego okresu zatrudnienia, ustalon\u0105 na podstawie corocznie sk\u0142adanych przez pracownik\u00f3w o\u015bwiadcze\u0144 do cel\u00f3w ubiegania si\u0119 o przyznanie \u015brodk\u00f3w finansowych na dzia\u00ad\u0142alno\u015b\u0107 statutow\u0105:<br \/>\n3. Liczb\u0119 3N, o kt\u00f3rej mowa w ust. 1, pomniejsza si\u0119 o liczb\u0119 2N0, gdzie N0 jest liczb\u0105 pracownik\u00f3w, w przeliczeniu na pe\u0142ny wymiar czasu pracy, uwzgl\u0119dnianych przy okre\u015blaniu liczby N zgodnie z ust. 1, kt\u00f3rzy byli zatrudnieni w jednostce naukowej przez ca\u0142y okres podlegaj\u0105cy kompleksowej ocenie i nie byli autorami lub wsp\u00f3\u0142autorami osi\u0105gni\u0119\u0107 naukowych lub tw\u00f3rczych, o kt\u00f3rych mowa w \u00a7 8 ust. 1. Liczba N0 nie obejmuje pracownik\u00f3w in\u017cynieryjno-technicznych.<\/p><\/blockquote>\n<p>Zak\u0142adaj\u0105c, \u017ce mamy na przyk\u0142ad 150 pracownik\u00f3w mo\u017cemy w Ankiecie Jednostki wykaza\u0107 450 dokona\u0144. Je\u015bli na przyk\u0142ad 20 pracownik\u00f3w nie publikuje to mo\u017cemy przedstawi\u0107 jedynie 450-2&#215;20=410 dokona\u0144, co jest ewidentn\u0105 strat\u0105 punkt\u00f3w.<\/p>\n<div class=\"gsp_post_data\" \r\n\t            data-post_type=\"page\" \r\n\t            data-cat=\"\" \r\n\t            data-modified=\"120\"\r\n\t            data-created=\"1365585247\"\r\n\t            data-title=\"DoRo\" \r\n\t            data-home=\"https:\/\/www.zti.il.pw.edu.pl\"><\/div>","protected":false},"excerpt":{"rendered":"<p>Ta pozycja w menu w pe\u0142nym brzmieniu ma tytu\u0142 Dorobkiewiczom\u00a0 (albo alternatywnie Do Roboty) i jest zestawem subiektywnych refleksji i nazwijmy to kole\u017ce\u0144skich porad b\u0119d\u0105cych efektem pracy nad wype\u0142nianiem Ankiety Jednostki 2009-2012. My\u015bl pierwsza &#8211; niestety nie wszystko co jest dla mnie dobre (co jest moim dorobkiem) jest dorobkiem wydzia\u0142u w \u015bwietle rozporz\u0105dzenia. Warto wi\u0119c &hellip; <\/p>\n<p class=\"link-more\"><a href=\"https:\/\/www.zti.il.pw.edu.pl\/?page_id=231\" class=\"more-link\">Czytaj dalej<span class=\"screen-reader-text\"> \u201eDoRo\u201d<\/span><\/a><\/p>\n","protected":false},"author":1,"featured_media":0,"parent":0,"menu_order":0,"comment_status":"open","ping_status":"open","template":"","meta":{"footnotes":""},"class_list":["post-231","page","type-page","status-publish","hentry"],"_links":{"self":[{"href":"https:\/\/www.zti.il.pw.edu.pl\/index.php?rest_route=\/wp\/v2\/pages\/231","targetHints":{"allow":["GET"]}}],"collection":[{"href":"https:\/\/www.zti.il.pw.edu.pl\/index.php?rest_route=\/wp\/v2\/pages"}],"about":[{"href":"https:\/\/www.zti.il.pw.edu.pl\/index.php?rest_route=\/wp\/v2\/types\/page"}],"author":[{"embeddable":true,"href":"https:\/\/www.zti.il.pw.edu.pl\/index.php?rest_route=\/wp\/v2\/users\/1"}],"replies":[{"embeddable":true,"href":"https:\/\/www.zti.il.pw.edu.pl\/index.php?rest_route=%2Fwp%2Fv2%2Fcomments&post=231"}],"version-history":[{"count":5,"href":"https:\/\/www.zti.il.pw.edu.pl\/index.php?rest_route=\/wp\/v2\/pages\/231\/revisions"}],"predecessor-version":[{"id":332,"href":"https:\/\/www.zti.il.pw.edu.pl\/index.php?rest_route=\/wp\/v2\/pages\/231\/revisions\/332"}],"wp:attachment":[{"href":"https:\/\/www.zti.il.pw.edu.pl\/index.php?rest_route=%2Fwp%2Fv2%2Fmedia&parent=231"}],"curies":[{"name":"wp","href":"https:\/\/api.w.org\/{rel}","templated":true}]}}