{"id":237,"date":"2013-04-10T10:33:45","date_gmt":"2013-04-10T08:33:45","guid":{"rendered":"http:\/\/www.zti.il.pw.edu.pl\/?page_id=237"},"modified":"2013-04-16T08:14:48","modified_gmt":"2013-04-16T06:14:48","slug":"wykaz-b","status":"publish","type":"page","link":"https:\/\/www.zti.il.pw.edu.pl\/?page_id=237","title":{"rendered":"Wykaz B"},"content":{"rendered":"<p><a title=\"B\" href=\"http:\/\/www.ippt.gov.pl\/attachments\/article\/20\/20121221_Czesc_B_ujednoliconego_wykazu_czasopism.pdf\" target=\"_blank\">Wykaz B<\/a> to lista czasopism punktowanych ni\u017cej ni\u017c te z grupy A. Wi\u0119kszo\u015b\u0107 z nich to czasopisma polskoj\u0119zyczne. Z pewno\u015bci\u0105 wi\u0119c \u0142atwiej jest tutaj umie\u015bci\u0107 wyniki swoich bada\u0144. Lista ta jest jednak znacznie mniej stabilna co mo\u017ce oznacza\u0107 spore rozczarowania. Sk\u0142adamy artyku\u0142, zostaje on opublikowany po czym okazuje si\u0119, \u017ce czasopismo straci\u0142o punkty. <em>No risk no fun? <\/em>Jak w przypadku wykazu A poni\u017cej jest przyk\u0142adowa lista czasopism, w kt\u00f3rych s\u0105 publikowane prace zwi\u0105zane z budownictwem i in\u017cynieri\u0105 l\u0105dow\u0105. <em><br \/>\n<\/em><\/p>\n<blockquote><p>\u00a0ACTA SCIENTIARUM POLONORUM. SERIA: ARCHITECTURA<br \/>\nArchitecture Civil Engineering Environment<br \/>\nArchives of Civil Engineering<br \/>\nArchiwum Instytutu In\u017cynierii L\u0105dowej<br \/>\nBiuletyn Pa\u0144stwowego Instytutu Geologicznego<br \/>\nBudownictwo G\u00f3rnicze i Tunelowe<br \/>\nBudownictwo i In\u017cynieria \u015a\u008crodowiska<br \/>\nBudownictwo, Technologie, Architektura<br \/>\nCEMENT, WAPNO, BETON<br \/>\nCHEMIK. NAUKA TECHNIKA RYNEK<br \/>\nCiep\u0142ownictwo, Ogrzewanie, Wentylacja<br \/>\nCOMPUTER ASSISTED MECHANICS AND ENGINEERING SCIENCES<br \/>\nCZASOPISMO TECHNICZNE<br \/>\nDrogi i Mosty<br \/>\nDrogownictwo<br \/>\nEDUKACJA. STUDIA, BADANIA, INNOWACJE<br \/>\ne-mentor<br \/>\nENERGIA I BUDYNEK<br \/>\nEngineering Transactions<br \/>\nG\u00d3RNICTWO I GEOIN\u017bYNIERIA: KWARTALNIK AKADEMII G\u00d3RNICZO-HUTNICZEJ IM. STANIS\u0141AWA STASZICA W KRAKOWIE<br \/>\nIN\u017bYNIERIA I BUDOWNICTWO<br \/>\nIn\u017cynieria Materia\u0142owa<br \/>\nIn\u017cynieria Morska i Geotechnika<br \/>\nIzolacje<br \/>\nIZOLACJE BUDOWNICTWO \u0095 PRZEMYS\u0141 \u0095 EKOLOGIA<br \/>\nJournal of Achievements of Materials and Manufacturing Engineering<br \/>\nJOURNAL OF KONES POWERTRAIN AND TRANSPORT<br \/>\nKey Engineering Materials<br \/>\nLogistyka<br \/>\nMAGAZYN AUTOSTRADY. BUDOWNICTWO DROGOWO-MOSTOWE<br \/>\nMateria\u0142y Budowlane<br \/>\nMATERIA\u0141Y BUDOWLANE. TECHNOLOGIE \u0095 RYNEK \u0095 WYKONAWSTWO<br \/>\nMechanik<br \/>\nMODELOWANIE IN\u017bYNIERSKIE<br \/>\nOCHRONA PRZED KOROZJ\u0104<br \/>\nPolityka Energetyczna &#8211; Energy Policy Journal<br \/>\nPomiary Automatyka Kontrola<br \/>\nPRZEGLAD BUDOWLANY<br \/>\nPRZEGL\u0104D KOMUNIKACYJNY<br \/>\nPRZEGL\u0104D MECHANICZNY<br \/>\nRoczniki Geomatyki [Annals of Geomatics]<br \/>\nRYNEK INSTALACYJNY<br \/>\nRzeczoznawca Maj\u0105tkowy<br \/>\nSTUDIA I MATERIA\u0141Y TOWARZYSTWA NAUKOWEGO NIERUCHOMO\u015a\u008cCI<br \/>\nTECHNICAL SCIENCES<br \/>\nTRANSPORT MIEJSKI I REGIONALNY<br \/>\nTTS Technika Transportu Szynowego<br \/>\nWYCENA &#8211; WARTO\u008c\u015a\u0106, OBR\u00d3T, ZARZ\u0104DZANIE NIERUCHOMO\u015a\u008cCIAMI<br \/>\nZESZYTY NAUKOWE POLITECHNIKI \u0141\u00d3DZKIEJ, SERIA: BUDOWNICTWO<br \/>\nZeszyty Naukowe Politechniki Rzeszowskiej. Budownictwo i In\u017cynieria \u015a\u008crodowiska<br \/>\nZeszyty Naukowe Warszawskiej Wy\u017cszej Szko\u0142y Informatyki<br \/>\nZESZYTY NAUKOWE WY\u017bSZA SZKO\u0141A OFICERSKA WOJSK L\u0104DOWYCH IM. GEN T. KO\u008cCIUSZKI<br \/>\nZESZYTY NAUKOWO-TECHNICZNE STOWARZYSZENIA IN\u017bYNIER\u00d3W I TECHNIK\u00d3W KOMUNIKACJI RZECZPOSOPLITEJ POLSKIEJ ODDZIA\u0141 W KRAKOWIE<\/p><\/blockquote>\n<div class=\"gsp_post_data\" \r\n\t            data-post_type=\"page\" \r\n\t            data-cat=\"\" \r\n\t            data-modified=\"120\"\r\n\t            data-created=\"1365590025\"\r\n\t            data-title=\"Wykaz B\" \r\n\t            data-home=\"https:\/\/www.zti.il.pw.edu.pl\"><\/div>","protected":false},"excerpt":{"rendered":"<p>Wykaz B to lista czasopism punktowanych ni\u017cej ni\u017c te z grupy A. Wi\u0119kszo\u015b\u0107 z nich to czasopisma polskoj\u0119zyczne. Z pewno\u015bci\u0105 wi\u0119c \u0142atwiej jest tutaj umie\u015bci\u0107 wyniki swoich bada\u0144. Lista ta jest jednak znacznie mniej stabilna co mo\u017ce oznacza\u0107 spore rozczarowania. Sk\u0142adamy artyku\u0142, zostaje on opublikowany po czym okazuje si\u0119, \u017ce czasopismo straci\u0142o punkty. No risk &hellip; <\/p>\n<p class=\"link-more\"><a href=\"https:\/\/www.zti.il.pw.edu.pl\/?page_id=237\" class=\"more-link\">Czytaj dalej<span class=\"screen-reader-text\"> \u201eWykaz B\u201d<\/span><\/a><\/p>\n","protected":false},"author":1,"featured_media":0,"parent":0,"menu_order":0,"comment_status":"open","ping_status":"open","template":"","meta":{"footnotes":""},"class_list":["post-237","page","type-page","status-publish","hentry"],"_links":{"self":[{"href":"https:\/\/www.zti.il.pw.edu.pl\/index.php?rest_route=\/wp\/v2\/pages\/237","targetHints":{"allow":["GET"]}}],"collection":[{"href":"https:\/\/www.zti.il.pw.edu.pl\/index.php?rest_route=\/wp\/v2\/pages"}],"about":[{"href":"https:\/\/www.zti.il.pw.edu.pl\/index.php?rest_route=\/wp\/v2\/types\/page"}],"author":[{"embeddable":true,"href":"https:\/\/www.zti.il.pw.edu.pl\/index.php?rest_route=\/wp\/v2\/users\/1"}],"replies":[{"embeddable":true,"href":"https:\/\/www.zti.il.pw.edu.pl\/index.php?rest_route=%2Fwp%2Fv2%2Fcomments&post=237"}],"version-history":[{"count":4,"href":"https:\/\/www.zti.il.pw.edu.pl\/index.php?rest_route=\/wp\/v2\/pages\/237\/revisions"}],"predecessor-version":[{"id":277,"href":"https:\/\/www.zti.il.pw.edu.pl\/index.php?rest_route=\/wp\/v2\/pages\/237\/revisions\/277"}],"wp:attachment":[{"href":"https:\/\/www.zti.il.pw.edu.pl\/index.php?rest_route=%2Fwp%2Fv2%2Fmedia&parent=237"}],"curies":[{"name":"wp","href":"https:\/\/api.w.org\/{rel}","templated":true}]}}