{"id":324,"date":"2013-06-25T09:15:58","date_gmt":"2013-06-25T07:15:58","guid":{"rendered":"http:\/\/www.zti.il.pw.edu.pl\/?page_id=324"},"modified":"2018-05-27T07:47:11","modified_gmt":"2018-05-27T05:47:11","slug":"zpb","status":"publish","type":"page","link":"https:\/\/www.zti.il.pw.edu.pl\/?page_id=324","title":{"rendered":"ZPB"},"content":{"rendered":"<p>Po dw\u00f3ch latach wakatu na stanowisku Kierownika Zak\u0142adu najpierw Senat podj\u0105\u0142 <a href=\"http:\/\/bip.pw.edu.pl\/Wewnetrzne-akty-prawne\/Dokumenty-Senatu-PW\/Uchwaly-Senatu-PW\/2014-XLVIII\/Uchwala-nr-154-XLVIII-2014-z-dnia-05-02-2014\" title=\"Uchwa\u0142a Senatu\" target=\"_blank\">uchwa\u0142\u0119 nr 154\/XLVIII\/2014 z dnia 05\/02\/2014 w sprawie wyra\u017cenia opinii w przedmiocie zmian organizacyjnych na Wydziale In\u017cynierii L\u0105dowej<\/a>, a potem ukaza\u0142o si\u0119 <a href=\"http:\/\/bip.pw.edu.pl\/Wewnetrzne-akty-prawne\/Dokumenty-Rektora-PW\/Zarzadzenia-Rektora\/2014\/Zarzadzenie-Rektora-nr-14-2014-z-dnia-11-03-2014\" title=\"Zarz\u0105dzenie Rektora\" target=\"_blank\">Zarz\u0105dzenie Rektora nr 14\/2014 z dnia 11\/03\/2014 w sprawie zmian organizacyjnych na Wydziale In\u017cynierii L\u0105dowej Politechniki Warszawskiej<\/a> likwiduj\u0105ce Zak\u0142ad. Tak zako\u0144czy\u0142a si\u0119 jego stuletnia historia&#8230; <\/p>\n<blockquote><p>Zdecydowany rozw\u00f3j zainteresowania problematyk\u0105 szeroko rozumianych podstaw budownictwa na Wydziale In\u017cynierii L\u0105dowej PW datuje si\u0119 na lata 30-te minionego stulecia. By\u0142 on realizowany najpierw w katedrach, a nast\u0119pnie w instytutach i zak\u0142adach. W okresie mi\u0119dzywojennym i zaraz po II wojnie \u015bwiatowej dzia\u0142ali\u015bmy jako Katedra Budownictwa Og\u00f3lnego, w latach 70-tych jako <strong>Zak\u0142ad Podstaw Budownictwa<\/strong> (jako jeden z trzech zak\u0142ad\u00f3w Instytutu Konstrukcji Budowlanych Wydzia\u0142u In\u017cynierii L\u0105dowej PW). Aktualna nazwa Zak\u0142ad Budownictwa Og\u00f3lnego zosta\u0142a nadana w roku 1979 i obowi\u0105zuje do dzisiaj. Naszymi kierownikami byli:<\/p>\n<ul>\n<li>Prof. dr hab. in\u017c. Wac\u0142aw \u017benczykowski 1935-1939 i 1945-1955<\/li>\n<li>Prof. dr hab. in\u017c. Wincenty Michniewicz 1955-1970<\/li>\n<li>Prof. dr hab. in\u017c. Tadeusz Neyman X.1970-VI.1991<\/li>\n<li>Prof. dr hab. in\u017c. J\u00f3zef Sieczkowski VI.1991-IX.1998<\/li>\n<li>Prof. dr hab. in\u017c. Marian Abramowicz XI. 1998-VIII.2005<\/li>\n<li>Dr hab. in\u017c. Krzysztof \u017bmijewski IX. 2005-2011<\/li>\n<\/ul>\n<p>W okresie ponad 100-letniego istnienia na PW tematyki zwi\u0105zanej z budownictwem na szczeg\u00f3lne podkre\u015blenie zas\u0142uguje dzia\u0142alno\u015b\u0107 Profesora Wac\u0142awa \u017benczykowskiego. Dzia\u0142alno\u015b\u0107 w Katedrze Budownictwa Og\u00f3lnego (Wydz. In\u017cynierii L\u0105dowej PW) rozpocz\u0105\u0142 w 1934 r. na stanowisku zast\u0119pcy profesora. Kierownictwo Katedry obj\u0105\u0142 1935 r. Przewodniczy\u0142 jednocze\u015bnie Radzie Naukowej Instytutu Badawczego Budownictwa. Dorobek Naukowy prof. W. \u017benczykowskiego obejmuje ponad 500 publikacji z dziedziny budownictwa og\u00f3lnego, konstrukcji budowlanych i fundamentowania. W\u015br\u00f3d nich wyj\u0105tkowe miejsce zajmuje podr\u0119cznik \u201eBudownictwo og\u00f3lne\u201d.<br \/>\nProf. dr hab. in\u017c. Wincenty Michniewicz; Cz\u0142onek PZiTB oraz Ko\u0142a Naukowego In\u017cynierii Wodnej.<br \/>\nProf. dr hab. in\u017c. Tadeusz Nejman by\u0142 w latach 1971-74 by\u0142 Prorektorem PW ds. Studenckich. Cz\u0142onek The Council on Tall Building and Urban Habitat, w latach 1971-1975 prezes warszawskiego oddzia\u0142u PZiTB, Cz\u0142onek Brytyjskiego Towarzystwa Konstrukcji Ceramicznych. W latach 80-tych by\u0142 Cz\u0142onkiem Technicznej Rady Naukowej m. st. Warszawy oraz cz\u0142onkiem Rad Naukowych WAT i MON.<br \/>\nWsp\u00f3\u0142cze\u015bnie, w zakresie budownictwa og\u00f3lnego, na uwag\u0119 zas\u0142uguje dzia\u0142alno\u015b\u0107 naukowa prof. J\u00f3zefa Sieczkowskiego &#8211; wybitnego i cenionego konstruktora budynk\u00f3w wysokich, autora wielu podr\u0119cznik\u00f3w, cz\u0142onka The Council on Tall Building and Urban Habitat, wieloletniego dzia\u0142acza PZiTB i NOT, laureata szeregu nagr\u00f3d resortowych Min. Budownictwa, Nauki i Szkolnictwa Wy\u017cszego oraz Prezydenta m. Warszawy.<br \/>\nProfesor Marian Abramowicz jest uznanym w kraju autorytetem w dziedzinie bezpiecze\u0144stwa po\u017carowego budowli; autor wielu opracowa\u0144 i publikacji w tej tematyce. Pod jego kierownictwem zosta\u0142y zorganizowane i przeprowadzone dwie Konferencje Naukowe Budownictwa: Krynica 2003 i Krynica 2004 (pi\u0119\u0107dziesi\u0105ta, jubileuszowa). Obie Konferencje zosta\u0142y bardzo wysoko ocenione przez uczestnik\u00f3w, m.in. za innowacyjno\u015b\u0107: wprowadzenie nowoczesnych metod prezentacji oraz zastosowanie nowoczesnych \u015brodk\u00f3w przekazu.<br \/>\nCo roku opracowywanych jest dziesi\u0105tki ekspertyz i opinii technicznych dotycz\u0105cych stanu obiekt\u00f3w istniej\u0105cego, ich remont\u00f3w oraz modernizacji, a tak\u017ce wiele ciekawych projekt\u00f3w i rozwi\u0105za\u0144 autorskich nowych obiekt\u00f3w.\n<\/p><\/blockquote>\n<p>By\u0142 <strong>Zak\u0142ad Podstaw Budownictwa<\/strong>, by\u0142 <strong>Zak\u0142ad Budownictwa Og\u00f3lnego<\/strong>. Mo\u017ce te\u017c by\u0107 <strong>Zak\u0142ad Podstawowych Problem\u00f3w Budownictwa<\/strong> (ju\u017c nie og\u00f3lnego&#8230;) co pi\u0119knie nawi\u0105zuje do jednostki kategorii A+ czyli Instytutu Podstawowych Problem\u00f3w Techniki PAN. (Uwaga, nie proponuj\u0119 nazwy <strong>Zak\u0142ad Og\u00f3lnych Problem\u00f3w Budownictwa<\/strong>&#8230; M\u00f3wi\u0105c og\u00f3lnie moim skromnym zdaniem s\u0142owo og\u00f3lnie nie jest obowi\u0105zkowe w nazwie&#8230;) Dzi\u015b bowiem szeroko rozumianymi podstawami budownictwa rodz\u0105cymi r\u00f3\u017cnorodne problemy badawcze s\u0105:<\/p>\n<ul>\n<li>Technologie informatyczne<\/li>\n<li>Rysunek odr\u0119czny<\/li>\n<li>Computer Aided Drawing &amp; Design<\/li>\n<li>Budownictwo og\u00f3lne<\/li>\n<li>Konstrukcje murowe i drewniane<\/li>\n<li>Fizyka budowli<\/li>\n<li>Urbanistyka i architektura<\/li>\n<li>Automatyzacja projektowania<\/li>\n<li>Metody Obliczeniowe<\/li>\n<\/ul>\n<div class=\"gsp_post_data\" \r\n\t            data-post_type=\"page\" \r\n\t            data-cat=\"\" \r\n\t            data-modified=\"120\"\r\n\t            data-created=\"1372151758\"\r\n\t            data-title=\"ZPB\" \r\n\t            data-home=\"https:\/\/www.zti.il.pw.edu.pl\"><\/div>","protected":false},"excerpt":{"rendered":"<p>Po dw\u00f3ch latach wakatu na stanowisku Kierownika Zak\u0142adu najpierw Senat podj\u0105\u0142 uchwa\u0142\u0119 nr 154\/XLVIII\/2014 z dnia 05\/02\/2014 w sprawie wyra\u017cenia opinii w przedmiocie zmian organizacyjnych na Wydziale In\u017cynierii L\u0105dowej, a potem ukaza\u0142o si\u0119 Zarz\u0105dzenie Rektora nr 14\/2014 z dnia 11\/03\/2014 w sprawie zmian organizacyjnych na Wydziale In\u017cynierii L\u0105dowej Politechniki Warszawskiej likwiduj\u0105ce Zak\u0142ad. Tak zako\u0144czy\u0142a si\u0119 &hellip; <\/p>\n<p class=\"link-more\"><a href=\"https:\/\/www.zti.il.pw.edu.pl\/?page_id=324\" class=\"more-link\">Czytaj dalej<span class=\"screen-reader-text\"> \u201eZPB\u201d<\/span><\/a><\/p>\n","protected":false},"author":1,"featured_media":0,"parent":0,"menu_order":0,"comment_status":"open","ping_status":"open","template":"","meta":{"footnotes":""},"class_list":["post-324","page","type-page","status-publish","hentry"],"_links":{"self":[{"href":"https:\/\/www.zti.il.pw.edu.pl\/index.php?rest_route=\/wp\/v2\/pages\/324","targetHints":{"allow":["GET"]}}],"collection":[{"href":"https:\/\/www.zti.il.pw.edu.pl\/index.php?rest_route=\/wp\/v2\/pages"}],"about":[{"href":"https:\/\/www.zti.il.pw.edu.pl\/index.php?rest_route=\/wp\/v2\/types\/page"}],"author":[{"embeddable":true,"href":"https:\/\/www.zti.il.pw.edu.pl\/index.php?rest_route=\/wp\/v2\/users\/1"}],"replies":[{"embeddable":true,"href":"https:\/\/www.zti.il.pw.edu.pl\/index.php?rest_route=%2Fwp%2Fv2%2Fcomments&post=324"}],"version-history":[{"count":12,"href":"https:\/\/www.zti.il.pw.edu.pl\/index.php?rest_route=\/wp\/v2\/pages\/324\/revisions"}],"predecessor-version":[{"id":327,"href":"https:\/\/www.zti.il.pw.edu.pl\/index.php?rest_route=\/wp\/v2\/pages\/324\/revisions\/327"}],"wp:attachment":[{"href":"https:\/\/www.zti.il.pw.edu.pl\/index.php?rest_route=%2Fwp%2Fv2%2Fmedia&parent=324"}],"curies":[{"name":"wp","href":"https:\/\/api.w.org\/{rel}","templated":true}]}}