{"id":39,"date":"2012-10-22T07:34:27","date_gmt":"2012-10-22T05:34:27","guid":{"rendered":"http:\/\/www.zti.il.pw.edu.pl\/?page_id=39"},"modified":"2012-11-01T13:46:07","modified_gmt":"2012-11-01T12:46:07","slug":"zespol","status":"publish","type":"page","link":"https:\/\/www.zti.il.pw.edu.pl\/?page_id=39","title":{"rendered":"Zesp\u00f3\u0142"},"content":{"rendered":"<p>Wi\u0119kszo\u015b\u0107 tego typu tekst\u00f3w zaczyna si\u0119 od opisywania tradycji i spu\u015bcizny. Nie jest to jak uczy nierzadka praktyka rodzinna bezpieczne zaj\u0119cie. Je\u017celi nawet spadek nie jest zbyt imponuj\u0105cy cz\u0119sto mo\u017cna oberwa\u0107 tak dla zasady w my\u015bl powiedzenia, \u017ce najlepiej wychodzi si\u0119 na zdj\u0119ciu. W roku 1989 powsta\u0142 O\u015brodek Metod Komputerowych. W tych pionierskich czasach w\u0142a\u015bnie w OMK zosta\u0142 uruchomiony pierwszy na uczelni serwer linuxowy &#8211; omklnx. W ramach kolejnej reorganizacji wydzia\u0142u, kt\u00f3ra w celu poprawy organizacji doprowadzi\u0142a do dezorganizacji OMK zosta\u0142 przekszta\u0142cony w Zak\u0142ad Zastosowa\u0144 Informatyki. W ramach kolejnych reorganizacji ZZI zosta\u0142 rozbity i zlikwidowany. Cz\u0119\u015b\u0107 pracownik\u00f3w przesz\u0142a do Zak\u0142adu Mechaniki Budowli i&#8230; Zastosowa\u0144 Informatyki. Ciekawe po\u0142\u0105czenie nazw, ale znane s\u0105 jeszcze bardziej inspiruj\u0105ce jak cho\u0107by Konstrukcji Metalowych i Zarz\u0105dzania w Budownictwie. Wi\u0119cej na ten temat i co wi\u0119cej w nieco innej (jedynie s\u0142usznej?) wersji mo\u017cna znale\u017a\u0107 oczywi\u015bcie na stronie <a title=\"zmbizi\" href=\"http:\/\/zmbizi.il.pw.edu.pl\/index.php\/katedra\/o-katedrze\" target=\"_blank\">ZMBiZI<\/a>. Jesieni\u0105 2007 w Zak\u0142adzie Budownictwa Og\u00f3lnego powsta\u0142 nieformalny Zesp\u00f3\u0142 Dydaktyczny Technologii Informatycznych, kt\u00f3rego nazwa w zwi\u0105zku z rozszerzeniem zakresu dzia\u0142alno\u015bci jesieni\u0105 2008 uzyska\u0142a dodatkowy cz\u0142on Metod Obliczeniowych. W 2012 decyzj\u0105 W\u0142adz Wydzia\u0142u zosta\u0142 formalnie powo\u0142any do \u017cycia Zesp\u00f3\u0142 Technologii Informatycznych i jego tak zwany Kierownik.<\/p>\n<p>Jeste\u015bmy niewielkim ale za to bardzo m\u0142odym zespo\u0142em otwartym na wsp\u00f3\u0142prac\u0119 z innymi jednostkami organizacyjnymi wydzia\u0142u i nie tylko. Wszak pi\u0119kna zasada Schumachera g\u0142osi, ze ma\u0142e jest pi\u0119kne, cho\u0107 czasami du\u017cy mo\u017ce znacznie wi\u0119cej. Najsilniejsze wi\u0119zi \u0142\u0105cza nas z Dzia\u0142em Projekt\u00f3w i Wdro\u017ce\u0144 Informatycznych, kt\u00f3rego pracownicy s\u0105 naszymi najbli\u017cszymi wsp\u00f3\u0142pracownikami. Liczymy na przyjazne relacje ze wszystkimi, kt\u00f3rym bliskie s\u0105 kwestie szeroko rozumianej informatyzacji i stosowania informatyki, technologii informatycznych oraz metod obliczeniowych w\u00a0 budownictwie.<\/p>\n<div class=\"gsp_post_data\" \r\n\t            data-post_type=\"page\" \r\n\t            data-cat=\"\" \r\n\t            data-modified=\"120\"\r\n\t            data-created=\"1350891267\"\r\n\t            data-title=\"Zesp\u00f3\u0142\" \r\n\t            data-home=\"https:\/\/www.zti.il.pw.edu.pl\"><\/div>","protected":false},"excerpt":{"rendered":"<p>Wi\u0119kszo\u015b\u0107 tego typu tekst\u00f3w zaczyna si\u0119 od opisywania tradycji i spu\u015bcizny. Nie jest to jak uczy nierzadka praktyka rodzinna bezpieczne zaj\u0119cie. Je\u017celi nawet spadek nie jest zbyt imponuj\u0105cy cz\u0119sto mo\u017cna oberwa\u0107 tak dla zasady w my\u015bl powiedzenia, \u017ce najlepiej wychodzi si\u0119 na zdj\u0119ciu. W roku 1989 powsta\u0142 O\u015brodek Metod Komputerowych. W tych pionierskich czasach w\u0142a\u015bnie &hellip; <\/p>\n<p class=\"link-more\"><a href=\"https:\/\/www.zti.il.pw.edu.pl\/?page_id=39\" class=\"more-link\">Czytaj dalej<span class=\"screen-reader-text\"> \u201eZesp\u00f3\u0142\u201d<\/span><\/a><\/p>\n","protected":false},"author":1,"featured_media":0,"parent":0,"menu_order":0,"comment_status":"open","ping_status":"open","template":"","meta":{"footnotes":""},"class_list":["post-39","page","type-page","status-publish","hentry"],"_links":{"self":[{"href":"https:\/\/www.zti.il.pw.edu.pl\/index.php?rest_route=\/wp\/v2\/pages\/39","targetHints":{"allow":["GET"]}}],"collection":[{"href":"https:\/\/www.zti.il.pw.edu.pl\/index.php?rest_route=\/wp\/v2\/pages"}],"about":[{"href":"https:\/\/www.zti.il.pw.edu.pl\/index.php?rest_route=\/wp\/v2\/types\/page"}],"author":[{"embeddable":true,"href":"https:\/\/www.zti.il.pw.edu.pl\/index.php?rest_route=\/wp\/v2\/users\/1"}],"replies":[{"embeddable":true,"href":"https:\/\/www.zti.il.pw.edu.pl\/index.php?rest_route=%2Fwp%2Fv2%2Fcomments&post=39"}],"version-history":[{"count":8,"href":"https:\/\/www.zti.il.pw.edu.pl\/index.php?rest_route=\/wp\/v2\/pages\/39\/revisions"}],"predecessor-version":[{"id":179,"href":"https:\/\/www.zti.il.pw.edu.pl\/index.php?rest_route=\/wp\/v2\/pages\/39\/revisions\/179"}],"wp:attachment":[{"href":"https:\/\/www.zti.il.pw.edu.pl\/index.php?rest_route=%2Fwp%2Fv2%2Fmedia&parent=39"}],"curies":[{"name":"wp","href":"https:\/\/api.w.org\/{rel}","templated":true}]}}