{"id":405,"date":"2013-08-08T14:05:35","date_gmt":"2013-08-08T12:05:35","guid":{"rendered":"http:\/\/www.zti.il.pw.edu.pl\/?page_id=405"},"modified":"2013-08-08T18:49:21","modified_gmt":"2013-08-08T16:49:21","slug":"e-edukacja-net-2012","status":"publish","type":"page","link":"https:\/\/www.zti.il.pw.edu.pl\/?page_id=405","title":{"rendered":"e-edukacja.net 2012"},"content":{"rendered":"<p>Podczas <a href=\"http:\/\/www.e-edukacja.net\/?konferencja=9&#038;page=program_referaty\" title=\"IX e-edukacja.net\" target=\"_blank\">IX Konferencji e-edukacja.net<\/a> zosta\u0142 zaprezentowany referat:<br \/>\nR.Robert Gajewski, Lech W\u0142asak, Marcin Jaczewski, Tomasz Dubilis, Tomasz Warda: Przekazy strumieniowe w kszta\u0142ceniu in\u017cynier\u00f3w<br \/>\n<video width=\"634\" height=\"377\" controls=\"controls\"><source src=\"http:\/\/olimp.sgh.waw.pl\/filmy\/konferencje\/wroclaw_2012\/22.mp4\" type=\"video\/mp4\" \/>Your browser does not support the video tag.<\/video><\/p>\n<div class=\"gsp_post_data\" \r\n\t            data-post_type=\"page\" \r\n\t            data-cat=\"\" \r\n\t            data-modified=\"120\"\r\n\t            data-created=\"1375970735\"\r\n\t            data-title=\"e-edukacja.net 2012\" \r\n\t            data-home=\"https:\/\/www.zti.il.pw.edu.pl\"><\/div>","protected":false},"excerpt":{"rendered":"<p>Podczas IX Konferencji e-edukacja.net zosta\u0142 zaprezentowany referat: R.Robert Gajewski, Lech W\u0142asak, Marcin Jaczewski, Tomasz Dubilis, Tomasz Warda: Przekazy strumieniowe w kszta\u0142ceniu in\u017cynier\u00f3w Your browser does not support the video tag.<\/p>\n","protected":false},"author":1,"featured_media":0,"parent":0,"menu_order":0,"comment_status":"open","ping_status":"open","template":"","meta":{"footnotes":""},"class_list":["post-405","page","type-page","status-publish","hentry"],"_links":{"self":[{"href":"https:\/\/www.zti.il.pw.edu.pl\/index.php?rest_route=\/wp\/v2\/pages\/405","targetHints":{"allow":["GET"]}}],"collection":[{"href":"https:\/\/www.zti.il.pw.edu.pl\/index.php?rest_route=\/wp\/v2\/pages"}],"about":[{"href":"https:\/\/www.zti.il.pw.edu.pl\/index.php?rest_route=\/wp\/v2\/types\/page"}],"author":[{"embeddable":true,"href":"https:\/\/www.zti.il.pw.edu.pl\/index.php?rest_route=\/wp\/v2\/users\/1"}],"replies":[{"embeddable":true,"href":"https:\/\/www.zti.il.pw.edu.pl\/index.php?rest_route=%2Fwp%2Fv2%2Fcomments&post=405"}],"version-history":[{"count":4,"href":"https:\/\/www.zti.il.pw.edu.pl\/index.php?rest_route=\/wp\/v2\/pages\/405\/revisions"}],"predecessor-version":[{"id":407,"href":"https:\/\/www.zti.il.pw.edu.pl\/index.php?rest_route=\/wp\/v2\/pages\/405\/revisions\/407"}],"wp:attachment":[{"href":"https:\/\/www.zti.il.pw.edu.pl\/index.php?rest_route=%2Fwp%2Fv2%2Fmedia&parent=405"}],"curies":[{"name":"wp","href":"https:\/\/api.w.org\/{rel}","templated":true}]}}