{"id":425,"date":"2013-08-08T18:22:36","date_gmt":"2013-08-08T16:22:36","guid":{"rendered":"http:\/\/www.zti.il.pw.edu.pl\/?page_id=425"},"modified":"2013-08-08T18:37:57","modified_gmt":"2013-08-08T16:37:57","slug":"e-edukacja-net-2011","status":"publish","type":"page","link":"https:\/\/www.zti.il.pw.edu.pl\/?page_id=425","title":{"rendered":"e-edukacja.net 2011"},"content":{"rendered":"<p>Podczas <a href=\"http:\/\/www.e-edukacja.net\/?konferencja=8&#038;page=program_referaty\" title=\"e-edukacja\" target=\"_blank\">VIII Konferencji e-edukacja.net<\/a> zosta\u0142 wyg\u0142oszony referat:<br \/>\nR.Robert Gajewski: Webcasting akademicki &#8211; studium przypadk\u00f3w.<br \/>\n\n\t\t\t\t<script type='text\/javascript'>\n\t\t\t\tif (typeof jQuery == 'undefined') { document.write('<script type=\"text\/javascript\" src=\"https:\/\/www.zti.il.pw.edu.pl\/wp-content\/plugins\/hana-flv-player\/mediaelement\/build\/jquery.js\"><\\\/script>'); }\t\n\t\t\t\t<\/script>\n<style>.mejs-inner img { max-width:100%; max-height:100%; margin:0 ; padding:0 } \n\t\t\t\t.mejs-overlay-button, .mejs-overlay-loading  {display:none;}<\/style>\n\n\t\t\t\t<script type='text\/javascript' src='https:\/\/www.zti.il.pw.edu.pl\/wp-content\/plugins\/hana-flv-player\/mediaelement\/build\/mediaelement-and-player.min.js'><\/script>\n\t\t\t\t<link rel='stylesheet' href='https:\/\/www.zti.il.pw.edu.pl\/wp-content\/plugins\/hana-flv-player\/mediaelement\/build\/mediaelementplayer.mod.css' \/>\n\t\t\t\t<!-- due to the bug - IE8 does not show video -->\n\t\t\t\t<!--[if IE 8]>\n\n<style> .me-plugin { position: static; } <\/style>\n\n<![endif]-->\n\t\t\t\t\n<div style='padding:0;margin:0; border:0;'><video  id='hana_flv_media_1'  src='http:\/\/olimp.sgh.waw.pl\/filmy\/konferencje\/krakow_2011\/11.flv' width='634' height='357'  \n\tpreload='true'     controls='controls' >\t<object width=\"634\" height=\"357\" type=\"application\/x-shockwave-flash\" data=\"https:\/\/www.zti.il.pw.edu.pl\/wp-content\/plugins\/hana-flv-player\/mediaelement\/build\/flashmediaelement.swf\"><param name=\"movie\" value=\"https:\/\/www.zti.il.pw.edu.pl\/wp-content\/plugins\/hana-flv-player\/mediaelement\/build\/flashmediaelement.swf\" \/><param name=\"flashvars\" value=\"controls=true&amp;file=http:\/\/olimp.sgh.waw.pl\/filmy\/konferencje\/krakow_2011\/11.flv&amp;poster=\" \/><\/object><\/video><\/div>\n\n<script type='text\/javascript'>\n\n\t\t\t\tjQuery('#hana_flv_media_1').mediaelementplayer({ pauseOtherPlayers: false , pluginType:'youtube'   });\n\t\t\t\t<\/script><\/p>\n<div class=\"gsp_post_data\" \r\n\t            data-post_type=\"page\" \r\n\t            data-cat=\"\" \r\n\t            data-modified=\"120\"\r\n\t            data-created=\"1375986156\"\r\n\t            data-title=\"e-edukacja.net 2011\" \r\n\t            data-home=\"https:\/\/www.zti.il.pw.edu.pl\"><\/div>","protected":false},"excerpt":{"rendered":"<p>Podczas VIII Konferencji e-edukacja.net zosta\u0142 wyg\u0142oszony referat: R.Robert Gajewski: Webcasting akademicki &#8211; studium przypadk\u00f3w.<\/p>\n","protected":false},"author":1,"featured_media":0,"parent":0,"menu_order":0,"comment_status":"open","ping_status":"open","template":"","meta":{"footnotes":""},"class_list":["post-425","page","type-page","status-publish","hentry"],"_links":{"self":[{"href":"https:\/\/www.zti.il.pw.edu.pl\/index.php?rest_route=\/wp\/v2\/pages\/425","targetHints":{"allow":["GET"]}}],"collection":[{"href":"https:\/\/www.zti.il.pw.edu.pl\/index.php?rest_route=\/wp\/v2\/pages"}],"about":[{"href":"https:\/\/www.zti.il.pw.edu.pl\/index.php?rest_route=\/wp\/v2\/types\/page"}],"author":[{"embeddable":true,"href":"https:\/\/www.zti.il.pw.edu.pl\/index.php?rest_route=\/wp\/v2\/users\/1"}],"replies":[{"embeddable":true,"href":"https:\/\/www.zti.il.pw.edu.pl\/index.php?rest_route=%2Fwp%2Fv2%2Fcomments&post=425"}],"version-history":[{"count":7,"href":"https:\/\/www.zti.il.pw.edu.pl\/index.php?rest_route=\/wp\/v2\/pages\/425\/revisions"}],"predecessor-version":[{"id":427,"href":"https:\/\/www.zti.il.pw.edu.pl\/index.php?rest_route=\/wp\/v2\/pages\/425\/revisions\/427"}],"wp:attachment":[{"href":"https:\/\/www.zti.il.pw.edu.pl\/index.php?rest_route=%2Fwp%2Fv2%2Fmedia&parent=425"}],"curies":[{"name":"wp","href":"https:\/\/api.w.org\/{rel}","templated":true}]}}