{"id":451,"date":"2013-08-08T19:30:15","date_gmt":"2013-08-08T17:30:15","guid":{"rendered":"http:\/\/www.zti.il.pw.edu.pl\/?page_id=451"},"modified":"2013-08-08T19:30:15","modified_gmt":"2013-08-08T17:30:15","slug":"cwiczenia-z-metod-obliczeniowych","status":"publish","type":"page","link":"https:\/\/www.zti.il.pw.edu.pl\/?page_id=451","title":{"rendered":"\u0106wiczenia z metod obliczeniowych"},"content":{"rendered":"<p><a href=\"http:\/\/www.wydawnictwopw.pl\/index.php?s=karta&#038;id=2860\" title=\"\u0106wiczenia z MO\" target=\"_blank\">\u0106wiczenia z metod obliczeniowych w budownictwie<\/a><br \/>\nR.R. Gajewski<br \/>\nWydawnictwo: OWPW<br \/>\nRok: 2013<br \/>\nStron: 118<br \/>\nISBN: 978-83-7814-082-5<br \/>\nPreskrypt \u2014 publikacja na prawach r\u0119kopisu<\/p>\n<blockquote><p>Preskrypt jest podzielony na trzy cz\u0119\u015bci. W pierwszej, po\u015bwi\u0119conej konstrukcjom pr\u0119towym, przedstawiona jest bezpo\u015brednia metoda sztywno\u015bci (Direct Stiffness Method). W drugiej cz\u0119\u015bci zosta\u0142y zaprezentowane rozwi\u0105zania problem\u00f3w stacjonarnego przep\u0142ywu ciep\u0142a, a w ostatniej om\u00f3wiono podstawy optymalnego projektowania.<br \/>\nPreskrypt mo\u017ce by\u0107 wykorzystany na wszystkich wydzia\u0142ach prowadz\u0105cych studia na kierunkach budowlanych.<\/p><\/blockquote>\n<p><img decoding=\"async\" src=\"http:\/\/www.wydawnictwopw.pl\/okladki\/p2860.jpg\"><\/p>\n<div class=\"gsp_post_data\" \r\n\t            data-post_type=\"page\" \r\n\t            data-cat=\"\" \r\n\t            data-modified=\"120\"\r\n\t            data-created=\"1375990215\"\r\n\t            data-title=\"\u0106wiczenia z metod obliczeniowych\" \r\n\t            data-home=\"https:\/\/www.zti.il.pw.edu.pl\"><\/div>","protected":false},"excerpt":{"rendered":"<p>\u0106wiczenia z metod obliczeniowych w budownictwie R.R. Gajewski Wydawnictwo: OWPW Rok: 2013 Stron: 118 ISBN: 978-83-7814-082-5 Preskrypt \u2014 publikacja na prawach r\u0119kopisu Preskrypt jest podzielony na trzy cz\u0119\u015bci. W pierwszej, po\u015bwi\u0119conej konstrukcjom pr\u0119towym, przedstawiona jest bezpo\u015brednia metoda sztywno\u015bci (Direct Stiffness Method). W drugiej cz\u0119\u015bci zosta\u0142y zaprezentowane rozwi\u0105zania problem\u00f3w stacjonarnego przep\u0142ywu ciep\u0142a, a w ostatniej om\u00f3wiono &hellip; <\/p>\n<p class=\"link-more\"><a href=\"https:\/\/www.zti.il.pw.edu.pl\/?page_id=451\" class=\"more-link\">Czytaj dalej<span class=\"screen-reader-text\"> \u201e\u0106wiczenia z metod obliczeniowych\u201d<\/span><\/a><\/p>\n","protected":false},"author":1,"featured_media":0,"parent":0,"menu_order":0,"comment_status":"open","ping_status":"open","template":"","meta":{"footnotes":""},"class_list":["post-451","page","type-page","status-publish","hentry"],"_links":{"self":[{"href":"https:\/\/www.zti.il.pw.edu.pl\/index.php?rest_route=\/wp\/v2\/pages\/451","targetHints":{"allow":["GET"]}}],"collection":[{"href":"https:\/\/www.zti.il.pw.edu.pl\/index.php?rest_route=\/wp\/v2\/pages"}],"about":[{"href":"https:\/\/www.zti.il.pw.edu.pl\/index.php?rest_route=\/wp\/v2\/types\/page"}],"author":[{"embeddable":true,"href":"https:\/\/www.zti.il.pw.edu.pl\/index.php?rest_route=\/wp\/v2\/users\/1"}],"replies":[{"embeddable":true,"href":"https:\/\/www.zti.il.pw.edu.pl\/index.php?rest_route=%2Fwp%2Fv2%2Fcomments&post=451"}],"version-history":[{"count":2,"href":"https:\/\/www.zti.il.pw.edu.pl\/index.php?rest_route=\/wp\/v2\/pages\/451\/revisions"}],"predecessor-version":[{"id":453,"href":"https:\/\/www.zti.il.pw.edu.pl\/index.php?rest_route=\/wp\/v2\/pages\/451\/revisions\/453"}],"wp:attachment":[{"href":"https:\/\/www.zti.il.pw.edu.pl\/index.php?rest_route=%2Fwp%2Fv2%2Fmedia&parent=451"}],"curies":[{"name":"wp","href":"https:\/\/api.w.org\/{rel}","templated":true}]}}