{"id":5231,"date":"2021-01-28T13:14:07","date_gmt":"2021-01-28T12:14:07","guid":{"rendered":"http:\/\/www.zti.il.pw.edu.pl\/?page_id=5231"},"modified":"2021-01-28T13:14:07","modified_gmt":"2021-01-28T12:14:07","slug":"2021-z","status":"publish","type":"page","link":"https:\/\/www.zti.il.pw.edu.pl\/?page_id=5231","title":{"rendered":"2021-Z"},"content":{"rendered":"\n<p>Zimowy etap pandemicznej edukacji to najpierw gor\u0105ca ko\u0144c\u00f3wka semestru a potem kolejna zdalna sesja i chwila przerwy na&#8230; pod\u0142adowanie akumulator\u00f3w i ogarni\u0119cie tego, co jeszcze nie dzia\u0142a super. Trzeba to zrobi\u0107, bo zgodnie z Zarz\u0105dzeniem Rektora semestr letni b\u0119dzie zdalny! Co z kolejnym semestrem zimowym? Patrz\u0105c na tempo produkcji i dostaw szczepionek a nast\u0119pnie tempo samych szczepie\u0144 patrz\u0119 na to bardzo sceptycznie. <\/p>\n<div class=\"gsp_post_data\" \r\n\t            data-post_type=\"page\" \r\n\t            data-cat=\"\" \r\n\t            data-modified=\"120\"\r\n\t            data-created=\"1611839647\"\r\n\t            data-title=\"2021-Z\" \r\n\t            data-home=\"https:\/\/www.zti.il.pw.edu.pl\"><\/div>","protected":false},"excerpt":{"rendered":"<p>Zimowy etap pandemicznej edukacji to najpierw gor\u0105ca ko\u0144c\u00f3wka semestru a potem kolejna zdalna sesja i chwila przerwy na&#8230; pod\u0142adowanie akumulator\u00f3w i ogarni\u0119cie tego, co jeszcze nie dzia\u0142a super. Trzeba to zrobi\u0107, bo zgodnie z Zarz\u0105dzeniem Rektora semestr letni b\u0119dzie zdalny! Co z kolejnym semestrem zimowym? Patrz\u0105c na tempo produkcji i dostaw szczepionek a nast\u0119pnie tempo &hellip; <\/p>\n<p class=\"link-more\"><a href=\"https:\/\/www.zti.il.pw.edu.pl\/?page_id=5231\" class=\"more-link\">Czytaj dalej<span class=\"screen-reader-text\"> \u201e2021-Z\u201d<\/span><\/a><\/p>\n","protected":false},"author":1,"featured_media":0,"parent":0,"menu_order":0,"comment_status":"closed","ping_status":"closed","template":"","meta":{"footnotes":""},"class_list":["post-5231","page","type-page","status-publish","hentry"],"_links":{"self":[{"href":"https:\/\/www.zti.il.pw.edu.pl\/index.php?rest_route=\/wp\/v2\/pages\/5231","targetHints":{"allow":["GET"]}}],"collection":[{"href":"https:\/\/www.zti.il.pw.edu.pl\/index.php?rest_route=\/wp\/v2\/pages"}],"about":[{"href":"https:\/\/www.zti.il.pw.edu.pl\/index.php?rest_route=\/wp\/v2\/types\/page"}],"author":[{"embeddable":true,"href":"https:\/\/www.zti.il.pw.edu.pl\/index.php?rest_route=\/wp\/v2\/users\/1"}],"replies":[{"embeddable":true,"href":"https:\/\/www.zti.il.pw.edu.pl\/index.php?rest_route=%2Fwp%2Fv2%2Fcomments&post=5231"}],"version-history":[{"count":1,"href":"https:\/\/www.zti.il.pw.edu.pl\/index.php?rest_route=\/wp\/v2\/pages\/5231\/revisions"}],"predecessor-version":[{"id":5232,"href":"https:\/\/www.zti.il.pw.edu.pl\/index.php?rest_route=\/wp\/v2\/pages\/5231\/revisions\/5232"}],"wp:attachment":[{"href":"https:\/\/www.zti.il.pw.edu.pl\/index.php?rest_route=%2Fwp%2Fv2%2Fmedia&parent=5231"}],"curies":[{"name":"wp","href":"https:\/\/api.w.org\/{rel}","templated":true}]}}