{"id":6278,"date":"2023-07-03T10:25:27","date_gmt":"2023-07-03T08:25:27","guid":{"rendered":"http:\/\/www.zti.il.pw.edu.pl\/?page_id=6278"},"modified":"2023-09-03T17:11:56","modified_gmt":"2023-09-03T15:11:56","slug":"list-otwarty","status":"publish","type":"page","link":"https:\/\/www.zti.il.pw.edu.pl\/?page_id=6278","title":{"rendered":"List otwarty"},"content":{"rendered":"\n<h2 class=\"wp-block-heading\">List otwarty do&#8230; <br>Spo\u0142eczno\u015bci Akademickiej WIL<\/h2>\n\n\n\n<p class=\"has-normal-font-size\">Szanowni Pa\u0144stwo,<\/p>\n\n\n\n<p class=\"has-normal-font-size\">Jest to pierwszy i ostatni taki  przejaw mojej aktywno\u015bci komunikacyjnej. Prowadzi\u0142em Informator Edukacyjny. Tworzy\u0142em nagranie prezentacji. Zabiera\u0142em g\u0142os na radzie. Nigdy nie napisa\u0142em listu otwartego i pewnikiem wi\u0119cej ich nie napisz\u0119. A pisz\u0119 ten list bo uwa\u017cam, \u017ce taka jest potrzeba chwili. W sprawozdaniu Pana Dziekana czytamy, \u017ce mamy na 31.12.2022 1182 student\u00f3w. Nie tyle mamy co mieli\u015bmy &#8211; aktualnie Student\u00f3w jest mniej ni\u017c tysi\u0105c! Od dawna m\u00f3wi\u0142em o dramatycznym spadku liczby student\u00f3w przy&#8230; W zasadzie niezmiennym naborze na studia p[pierwszego stopnia &#8211; to dropout. Bez echa &#8211; jedyna reakcja to by\u0142 znany refren, &#8222;Polacy, nic si\u0119 nie sta\u0142o&#8221;. P\u00f3ki co nikt jeszcze nikogo nie zwalnia z pracy&#8230; Ale mo\u017ce by\u0107 jak u Barei &#8211; &#8222;nie mamy dla Pana zaj\u0119\u0107 i co Pan nam zrobi?&#8221; By\u0107 mo\u017ce moja diagnoza i propozycje dzia\u0142a\u0144 s\u0105 b\u0142\u0119dne, ale&#8230; s\u0105. Alternatywa w postaci milczenia niczego nie rozwi\u0105zuje.<\/p>\n\n\n\n<p class=\"has-normal-font-size\">W tym miejscu czas na tak zwane &#8222;ustalenie uwagi&#8221; i kr\u00f3tki test wyboru.<br>Co powinni\u015bmy zrobi\u0107 w sytuacji malej\u0105cej liczby student\u00f3w.<br>A. nic nie robi\u0107, bo nic si\u0119 nie da zrobi\u0107<br>B. przekazywa\u0107 jedynie proste tre\u015bci (&#8222;kolorowanie drwala&#8221;)<br>C. obni\u017cy\u0107 progi zalicze\u0144 np. z 50% do 30%<br>D. spr\u00f3bowa\u0107 konstruktywnie rozwi\u0105za\u0107 problem<br>List jest skierowany absolutnie do wszystkich, ale przede wszystkim do tych, co wybrali D.  Dzi\u015b nie robimy nic, bo panuje powszechne przekonanie, \u017ce nic nie da si\u0119 zrobi\u0107. Na szcz\u0119\u015bcie jeszcze nie obni\u017camy poziomu zaj\u0119\u0107 ani nie obni\u017camy prog\u00f3w zalicze\u0144. Mo\u017ce jednak mo\u017cna konstruktywnie rozwi\u0105za\u0107 problem, kt\u00f3rego nie da si\u0119 d\u0142u\u017cej zamiata\u0107 pod dywan? <\/p>\n\n\n\n<p class=\"has-normal-font-size\">Osobi\u015bcie zidentyfikowa\u0142em trzy potencjalne przyczyny aktualnej sytuacji.<br>1 Z\u0142e merytoryczne przygotowanie do studi\u00f3w<br>2 Brak motywacji do studiowania<br>3 Nieumiej\u0119tno\u015b\u0107 samodzielnego uczenia si\u0119.<br><strong>Z\u0142e merytoryczne przygotowanie do studi\u00f3w <\/strong>wida\u0107 go\u0142ym okiem. A sytuacja pogarsza si\u0119 z roku na rok, na co nie bez wp\u0142ywu jest COVID.  Na poziom kszta\u0142cenia w szko\u0142ach i matur nie mamy wp\u0142ywu. Ca\u0142y \u015bwiat notuje po COVID &#8222;straty edukacyjne&#8221; &#8211; u nas jest coraz lepiej, bo poziom matur jest coraz ni\u017cszy! Ja osobi\u015bcie od dziesi\u0105tek lat uwa\u017cam, \u017ce to \u015bwiadoma i przemy\u015blana ale kr\u00f3tkowzroczna polityka. Edukacja i nauka s\u0105 od lat celowo niedoinwestowane. Pow\u00f3d jest jest prosty &#8211; im ludzie s\u0105 gorzej wyedukowani tym \u0142atwiej nimi manipulowa\u0107! Dzi\u015b ju\u017c pi\u0119tna\u015bcie procent spo\u0142ecze\u0144stwa uwa\u017ca, \u017ce &#8222;lekiem na wszelkie z\u0142o&#8221; jest likwidacja VAT, PIT i CIT&#8230; Wp\u0142yw na zmian\u0119 sytuacji mamy minimalny &#8211; jeden g\u0142os w wyborach. Skoro nie mo\u017cemy wyeliminowa\u0107 przyczyn mo\u017cemy leczy\u0107 skutki. Na wi\u0119kszo\u015bci uczelni s\u0105 zaj\u0119cia wyr\u00f3wnawcze z matematyki i fizyki. Powinny by\u0107 one powszechne, w zasadzie dla wszystkich! <br><strong>Brak motywacji do studiowania<\/strong> to moim zdaniem druga mo\u017cliwa przyczyna sytuacji. Wed\u0142ug mnie nie rozbudz\u0105 tej motywacji zaj\u0119cia ze wst\u0119pu do historii budownictwa&#8230; Znowu zamiast likwidacji przyczyn pozostaje nam przeciwdzia\u0142anie skutkom. A metoda jest bardzo prosta &#8211; aby zosta\u0142o wi\u0119cej student\u00f3w trzeba ich wi\u0119cej przyj\u0105\u0107&#8230; Bo by\u0107 mo\u017ce osoby, kt\u00f3re maj\u0105 mniejsz\u0105 liczb\u0119 punkt\u00f3w maj\u0105 wi\u0119ksz\u0105 motywacj\u0119 do studiowania!  <a rel=\"noreferrer noopener\" href=\"https:\/\/cdn.files.pg.edu.pl\/main\/Rekrutacja\/Progi%20punktowe\/limiity%20i%20progi%20na%20strone%202022.2023.pdf\" target=\"_blank\">W zesz\u0142ym roku Politechnika Gda\u0144ska mia\u0142a limit na budownictwo 450 os\u00f3b.<\/a> W tym roku limity zostan\u0105 og\u0142oszone po og\u0142oszeniu wynik\u00f3w rekrutacji. W tym braku motywacji do studiowania jest by\u0107 mo\u017ce pewna tajemnica&#8230; Ja na przyk\u0142ad nie ta\u0144cz\u0119, nie dlatego \u017ce nie chc\u0119 i nie mam motywacji &#8211; nie potrafi\u0119 ta\u0144czy\u0107. Studenci by\u0107 mo\u017ce nie ucz\u0105 si\u0119 nie dlatego \u017ce nie chc\u0105 ale dlatego \u017ce charakteryzuje ich&#8230;<br><strong>Nieumiej\u0119tno\u015b\u0107 samodzielnego uczenia si\u0119<\/strong> &#8211; \u015bwiadczy o tym wiele obserwacji. Studenci oczekuj\u0105, \u017ce ich czego\u015b nauczymy a nikt za nikogo nigdy niczego si\u0119 nie nauczy\u0142. Nasza rola to przede wszystkim pomoc w uczeniu si\u0119 a nie tylko nauczanie. Mo\u017ce wi\u0119c warto spr\u00f3bowa\u0107 nauczy\u0107 Student\u00f3w jak si\u0119 samodzielnie uczy\u0107?<\/p>\n\n\n\n<p class=\"has-normal-font-size\">Poza tymi trzema wymienionymi przyczynami i propozycjami dzia\u0142a\u0144:<br>1 <strong>kursy wyr\u00f3wnawcze z matematyki, fizyki i informatyki<\/strong><br>2 <strong>przyjmowanie wi\u0119kszej liczby kandydat\u00f3w<\/strong><br>3 <strong>pomoc w nauczeniu si\u0119, jak si\u0119 samodzielnie uczy\u0107<\/strong>&#8230;<br>mo\u017cna spr\u00f3bowa\u0107 podj\u0105\u0107 inne kroki, kt\u00f3re ju\u017c wielokrotnie sugerowa\u0142em. To taka moja prywatna pi\u0105tka&#8230;<br>4 <strong>Dziesi\u0119ciotygodniowe cykle zaj\u0119\u0107<\/strong> pozwol\u0105 na unikni\u0119cie spi\u0119trzenia w ko\u0144cu stycznia. Ostatnie dwa tygodnie zaj\u0119\u0107 to dla Student\u00f3w horror, kt\u00f3rego mo\u017cna cz\u0119\u015bciowo unikn\u0105\u0107.<br>5 <strong>W\u0142\u0105czenie Samorz\u0105du do opieki nad studentami <\/strong>pierwszego roku&#8230; By\u0107 mo\u017ce starsi i &#8222;do\u015bwiadczeni&#8221; Studenci przekonaj\u0105 &#8222;nowicjuszy&#8221;. Co rok s\u0142ysz\u0119 pomruki na co mi Excel, Prime &#8211; &#8222;starsi&#8221; to powinni ju\u017c wiedzie\u0107 i przekaza\u0107. <br> 6 <strong>Rozszerzenie zaj\u0119\u0107 dotycz\u0105cych organizacji studi\u00f3w,<\/strong> kt\u00f3re odbywaj\u0105 si\u0119 co roku. Mo\u017cna takie zaj\u0119cia nagra\u0107, tak, \u017ceby \u0142atwo mo\u017cna by\u0142o do nich wr\u00f3ci\u0107. Mo\u017cna utworzy\u0107 na uczelnianym Moodle odpowiedni kurs. Mo\u017cna w wersji docelowej opracowa\u0107 mini poradnik dla student\u00f3w. A do tego dzia\u0142ania warto w\u0142\u0105czy\u0107 Student\u00f3w. <br>7 <strong>Utworzenie przyjaznych przestrzeni do uczenia si\u0119<\/strong> to przedostatni z moich pomys\u0142\u00f3w. Nasz gmach jest coraz mnij przyjazny dla jego u\u017cytkownik\u00f3w &#8211; pracownik\u00f3w i student\u00f3w. Brakuje miejsc, gdzie mo\u017cna usi\u0105\u015b\u0107 w grupie przy stole i&#8230; pouczy\u0107 si\u0119! Tego typu zmiany nie wymagaj\u0105 wielkich mega inwestycji &#8211; wiem, wiem, nie ma kasy. Moim zdaniem wystarczy odrobina dobrej woli&#8230;<br>8 <strong>Dni (tydzie\u0144?) adaptacyjne<\/strong> to po\u0142\u0105czenie kilku poprzednich pomys\u0142\u00f3w w ca\u0142o\u015b\u0107. Mo\u017cna te dni zorganizowa\u0107 pod koniec wrze\u015bnia przed zaj\u0119ciami. Powstaje pytanie, czy znajd\u0105 si\u0119 wolontariusze, no bo pieni\u0119dzy przecie\u017c nie ma. Mo\u017cna spr\u00f3bowa\u0107 porozumie\u0107 si\u0119 w gronie prowadz\u0105cych zaj\u0119cia na pierwszym roku, \u017ce pierwszy tydzie\u0144 zaj\u0119\u0107 po\u015bwi\u0119camy na adaptacj\u0119 rozpisan\u0105 na g\u0142osy. <\/p>\n\n\n\n<p class=\"has-normal-font-size\">Tych osiem pomys\u0142\u00f3w, postulat\u00f3w by\u0107 mo\u017ce nie rozwi\u0105\u017ce sprawy. By\u0107 mo\u017ce trzy zidentyfikowane przez mnie przyczyny zjawiska droput nie opisuj\u0105 dok\u0142adnie wszystkich mechanizm\u00f3w. Mo\u017cna i trzeba wi\u0119c wykorzysta\u0107 znane metody z obszaru learning analytics o czym m\u00f3wi\u0142em rok temu we wrze\u015bniu. Ale wierz\u0119 g\u0142\u0119boko, \u017ce warto przynajmniej spr\u00f3bowa\u0107 wyj\u015b\u0107 poza utarty schemat, \u017ce &#8222;niedasie&#8221;. Od kilku lat uczestnicz\u0119 w seminariach &#8222;Co si\u0119 dzieje z uniwersytetem&#8221;. <a rel=\"noreferrer noopener\" href=\"https:\/\/oees.pl\/wp-content\/uploads\/2021\/04\/Andrzej-Blikle-Turkusowy-uniwersytet.pdf\" target=\"_blank\">Wszystkim sugeruj\u0119 wakacyjn\u0105 lektur\u0119 tekstu Pana Profesora Blikle<\/a><\/p>\n\n\n\n<p class=\"has-normal-font-size\"> Z wyrazami szacunku<br>Emeryt R. Robert Gajewski<\/p>\n\n\n\n<p class=\"has-text-align-right has-small-font-size\">#zMi\u0142o\u015bciDoWydzia\u0142u<\/p>\n\n\n\n<p><a href=\"https:\/\/cdn.files.pg.edu.pl\/main\/Rekrutacja\/Progi%20punktowe\/limiity%20i%20progi%20na%20strone%202022.2023.pdf\">https:\/\/cdn.files.pg.edu.pl\/main\/Rekrutacja\/Progi%20punktowe\/limiity%20i%20progi%20na%20strone%202022.2023.pdf<\/a><\/p>\n\n\n\n<p><a href=\"https:\/\/oees.pl\/wp-content\/uploads\/2021\/04\/Andrzej-Blikle-Turkusowy-uniwersytet.pdf\">https:\/\/oees.pl\/wp-content\/uploads\/2021\/04\/Andrzej-Blikle-Turkusowy-uniwersytet.pdf<\/a><\/p>\n<div class=\"gsp_post_data\" \r\n\t            data-post_type=\"page\" \r\n\t            data-cat=\"\" \r\n\t            data-modified=\"120\"\r\n\t            data-created=\"1688379927\"\r\n\t            data-title=\"List otwarty\" \r\n\t            data-home=\"https:\/\/www.zti.il.pw.edu.pl\"><\/div>","protected":false},"excerpt":{"rendered":"<p>List otwarty do&#8230; Spo\u0142eczno\u015bci Akademickiej WIL Szanowni Pa\u0144stwo, Jest to pierwszy i ostatni taki przejaw mojej aktywno\u015bci komunikacyjnej. Prowadzi\u0142em Informator Edukacyjny. Tworzy\u0142em nagranie prezentacji. Zabiera\u0142em g\u0142os na radzie. Nigdy nie napisa\u0142em listu otwartego i pewnikiem wi\u0119cej ich nie napisz\u0119. A pisz\u0119 ten list bo uwa\u017cam, \u017ce taka jest potrzeba chwili. W sprawozdaniu Pana Dziekana czytamy, &hellip; <\/p>\n<p class=\"link-more\"><a href=\"https:\/\/www.zti.il.pw.edu.pl\/?page_id=6278\" class=\"more-link\">Czytaj dalej<span class=\"screen-reader-text\"> \u201eList otwarty\u201d<\/span><\/a><\/p>\n","protected":false},"author":1,"featured_media":0,"parent":0,"menu_order":0,"comment_status":"closed","ping_status":"closed","template":"","meta":{"footnotes":""},"class_list":["post-6278","page","type-page","status-publish","hentry"],"_links":{"self":[{"href":"https:\/\/www.zti.il.pw.edu.pl\/index.php?rest_route=\/wp\/v2\/pages\/6278","targetHints":{"allow":["GET"]}}],"collection":[{"href":"https:\/\/www.zti.il.pw.edu.pl\/index.php?rest_route=\/wp\/v2\/pages"}],"about":[{"href":"https:\/\/www.zti.il.pw.edu.pl\/index.php?rest_route=\/wp\/v2\/types\/page"}],"author":[{"embeddable":true,"href":"https:\/\/www.zti.il.pw.edu.pl\/index.php?rest_route=\/wp\/v2\/users\/1"}],"replies":[{"embeddable":true,"href":"https:\/\/www.zti.il.pw.edu.pl\/index.php?rest_route=%2Fwp%2Fv2%2Fcomments&post=6278"}],"version-history":[{"count":13,"href":"https:\/\/www.zti.il.pw.edu.pl\/index.php?rest_route=\/wp\/v2\/pages\/6278\/revisions"}],"predecessor-version":[{"id":6323,"href":"https:\/\/www.zti.il.pw.edu.pl\/index.php?rest_route=\/wp\/v2\/pages\/6278\/revisions\/6323"}],"wp:attachment":[{"href":"https:\/\/www.zti.il.pw.edu.pl\/index.php?rest_route=%2Fwp%2Fv2%2Fmedia&parent=6278"}],"curies":[{"name":"wp","href":"https:\/\/api.w.org\/{rel}","templated":true}]}}