{"id":662,"date":"2014-07-31T17:52:38","date_gmt":"2014-07-31T15:52:38","guid":{"rendered":"http:\/\/www.zti.il.pw.edu.pl\/?page_id=662"},"modified":"2014-07-31T17:52:38","modified_gmt":"2014-07-31T15:52:38","slug":"projekt-papi","status":"publish","type":"page","link":"https:\/\/www.zti.il.pw.edu.pl\/?page_id=662","title":{"rendered":"Projekt PaPi"},"content":{"rendered":"<p>Projekt PaPi mia\u0142 na celu w\u0142\u0105czenie pracownik\u00f3w in\u017cynieryjno-technicznych zwi\u0105zanych z szeroko rozumian\u0105 informatyzacj\u0105 wydzia\u0142u do procesu dydaktycznego przedmiot\u00f3w informatycznych. Dziwna nazwa tego projektu to skr\u00f3t wyr\u00f3\u017cnik\u00f3w dw\u00f3ch grup bior\u0105cych udzia\u0142 w projekcie: <strong>P<\/strong>anowie <strong>a<\/strong>systenci (w liczbie dw\u00f3ch) i <strong>P<\/strong>anowie <strong>i<\/strong>nformatycy (tak\u017ce w liczbie dw\u00f3ch). <\/p>\n<div class=\"gsp_post_data\" \r\n\t            data-post_type=\"page\" \r\n\t            data-cat=\"\" \r\n\t            data-modified=\"120\"\r\n\t            data-created=\"1406829158\"\r\n\t            data-title=\"Projekt PaPi\" \r\n\t            data-home=\"https:\/\/www.zti.il.pw.edu.pl\"><\/div>","protected":false},"excerpt":{"rendered":"<p>Projekt PaPi mia\u0142 na celu w\u0142\u0105czenie pracownik\u00f3w in\u017cynieryjno-technicznych zwi\u0105zanych z szeroko rozumian\u0105 informatyzacj\u0105 wydzia\u0142u do procesu dydaktycznego przedmiot\u00f3w informatycznych. Dziwna nazwa tego projektu to skr\u00f3t wyr\u00f3\u017cnik\u00f3w dw\u00f3ch grup bior\u0105cych udzia\u0142 w projekcie: Panowie asystenci (w liczbie dw\u00f3ch) i Panowie informatycy (tak\u017ce w liczbie dw\u00f3ch).<\/p>\n","protected":false},"author":1,"featured_media":0,"parent":0,"menu_order":0,"comment_status":"open","ping_status":"open","template":"","meta":{"footnotes":""},"class_list":["post-662","page","type-page","status-publish","hentry"],"_links":{"self":[{"href":"https:\/\/www.zti.il.pw.edu.pl\/index.php?rest_route=\/wp\/v2\/pages\/662","targetHints":{"allow":["GET"]}}],"collection":[{"href":"https:\/\/www.zti.il.pw.edu.pl\/index.php?rest_route=\/wp\/v2\/pages"}],"about":[{"href":"https:\/\/www.zti.il.pw.edu.pl\/index.php?rest_route=\/wp\/v2\/types\/page"}],"author":[{"embeddable":true,"href":"https:\/\/www.zti.il.pw.edu.pl\/index.php?rest_route=\/wp\/v2\/users\/1"}],"replies":[{"embeddable":true,"href":"https:\/\/www.zti.il.pw.edu.pl\/index.php?rest_route=%2Fwp%2Fv2%2Fcomments&post=662"}],"version-history":[{"count":1,"href":"https:\/\/www.zti.il.pw.edu.pl\/index.php?rest_route=\/wp\/v2\/pages\/662\/revisions"}],"predecessor-version":[{"id":663,"href":"https:\/\/www.zti.il.pw.edu.pl\/index.php?rest_route=\/wp\/v2\/pages\/662\/revisions\/663"}],"wp:attachment":[{"href":"https:\/\/www.zti.il.pw.edu.pl\/index.php?rest_route=%2Fwp%2Fv2%2Fmedia&parent=662"}],"curies":[{"name":"wp","href":"https:\/\/api.w.org\/{rel}","templated":true}]}}